t is -1114441244 - 2?
-1114441301
In base 15, what is 1 + 48a18e?
48a190
In base 7, what is -32 + -546025236?
-546025301
In base 6, what is -425 + -15141?
-20010
In base 14, what is 4c12b0 + -4?
4c12aa
In base 11, what is 38935 + a?
38944
In base 9, what is 203836820 + 5?
203836825
In base 14, what is -5 - 280ca78?
-280ca7d
In base 6, what is 1232 + -15141513?
-15140241
In base 9, what is -131 - -77876?
77745
In base 2, what is -111111101110111 - -111110?
-111111100111001
In base 6, what is -22342032210 - 5?
-22342032215
In base 9, what is 203 - 303276?
-303073
In base 12, what is 34117 + 69?
34184
In base 8, what is -547 - -623670?
623121
In base 8, what is 440737 + 1111?
442050
In base 14, what is -262203 - 0?
-262203
In base 9, what is -612108 - -4?
-612104
In base 12, what is -272 - 13360?
-13612
In base 2, what is 1111010110000110010111 + 11?
1111010110000110011010
In base 9, what is 11 - 572354?
-572343
In base 9, what is -3 - -44481052?
44481048
In base 6, what is 1140 - -314533?
320113
In base 11, what is 2 + 7a268a6?
7a268a8
In base 4, what is -31103 + -3112112?
-3203221
In base 10, what is 24571136 - 2?
24571134
In base 13, what is -839c214 - -2?
-839c212
In base 13, what is -b38c0 + 63?
-b385a
In base 7, what is 21040624 - 26?
21040565
In base 14, what is 4 + -8d57c?
-8d578
In base 7, what is 52014400 + 4?
52014404
In base 10, what is 11775 + 179?
11954
In base 3, what is -210122 + -20210200111?
-20211111010
In base 14, what is 1599658 - a?
159964c
In base 8, what is -104007751 + 23?
-104007726
In base 12, what is 0 - -5187a7?
5187a7
In base 9, what is -14743 - -1773?
-12860
In base 3, what is 111 + 110001211012010?
110001211012121
In base 2, what is 101 - -10111011111101101100?
10111011111101110001
In base 11, what is 16 + 1984a0?
198506
In base 12, what is -24ab9a + 20?
-24ab7a
In base 15, what is 5 - -6ca991?
6ca996
In base 3, what is 102222101 - 1121010100?
-1011010222
In base 13, what is -406958 - 55?
-4069b0
In base 7, what is -4 + 1550311223?
1550311216
In base 12, what is 3564175 - -2?
3564177
In base 11, what is -12583 + -205?
-12788
In base 3, what is 101112021000112 + 1022?
101112021001211
In base 8, what is -245567177 + 2?
-245567175
In base 5, what is 4011131 - 22034?
3434042
In base 9, what is -34003 + -233?
-34236
In base 11, what is 5 + -8433564?
-843355a
In base 2, what is -101000101000101011101 + -10000?
-101000101000101101101
In base 4, what is -110233202 - -2203?
-110230333
In base 8, what is 6335 + -1011?
5324
In base 12, what is 2 + 631802?
631804
In base 3, what is -11211112 + 10201202?
-1002210
In base 8, what is 6111 + 1117240?
1125351
In base 14, what is 4 - 6a1145?
-6a1141
In base 3, what is 10221222002 - 11000?
10221211002
In base 14, what is 17a86a35 - 2?
17a86a33
In base 7, what is 44034625 + -30?
44034565
In base 15, what is -3 + 1212366?
1212363
In base 15, what is -4 + 2bdcbd3?
2bdcbce
In base 14, what is -523235cc + -4?
-523235d2
In base 8, what is -3264 - -1151127?
1145643
In base 4, what is 101331 - 2012223321?
-2012121330
In base 14, what is -128c - d00?
-218c
In base 10, what is 276281 + 22?
276303
In base 16, what is -2dd2699 + 4?
-2dd2695
In base 7, what is -3240 - 3230306?
-3233546
In base 16, what is 170e + -bb2?
b5c
In base 14, what is -c65ba79 - -3?
-c65ba76
In base 15, what is -9a2 - -2ea?
-6a7
In base 3, what is -120212122222 - -21012?
-120212101210
In base 5, what is -2110132110104 - -3?
-2110132110101
In base 12, what is 0 + 43333a?
43333a
In base 4, what is 2 - -2020021302130?
2020021302132
In base 11, what is -a46aa - 16?
-a4715
In base 5, what is 103 + -32223222?
-32223114
In base 2, what is 10101011011001 + -101001101?
10100110001100
In base 2, what is -1001000110011011001001110 - -1?
-1001000110011011001001101
In base 9, what is -47676 - -234?
-47442
In base 2, what is -10101100100001001101 + -110011?
-10101100100010000000
In base 6, what is 11 - 214550240?
-214550225
In base 13, what is 61 - 10c235?
-10c1a4
In base 9, what is 11 + 12240528?
12240540
In base 12, what is 0 - -216a7589?
216a7589
In base 4, what is -300 + -33330130130?
-33330131030
In base 10, what is -75 - 252553?
-252628
In base 8, what is -5 - -232645512?
232645505
In base 2, what is -1010110000000101111110111100 + -1?
-1010110000000101111110111101
In base 5, what is -3014 - 2431?
-11000
In base 10, what is -12 - -342955?
342943
In base 5, what is 40 + 10334320010?
10334320100
In base 8, what is -17 + 14521053?
14521034
In base 7, what is 125431 - 4140?
121261
In base 9, what is 2326601805 + -1?
2326601804
In base 6, what is 5 - -234423104?
234423113
In base 15, what is -5 - 74986da?
-74986e0
In base 14, what is -133cc - -5404?
-bdc8
In base 9, what is 875 + 28467?
30453
In base 2, what is -110111100011 - -101111011000111010?
101110100001010111
In base 9, what is 17465 + 156?
17632
In base 16, what is 1ad + -3504?
-3357
In base 5, what is 144423 + -114230?
30143
In base 9, what is 27881 - -2000?
30881
In base 3, what is -102 - 122212221010?
-122212221112
In base 11, what is 1a4 + 82305?
824a9
In base 15, what is 1630 - -90380?
919b0
In base 14, what is 282 - 2d19?
-2a77
In base 6, what is 323101 + -114?
322543
In base 10, what is 249 + -32718?
-32469
In base 12, what is 219090 + -4?
219088
In base 14, what is 2 + 5656500?
5656502
In base 2, what is 10011010100000011000 + 1000001001?
10011010101000100001
In base 3, what is -1021020001210 + 1220?
-1021012222220
In base 16, what is -3 - -3040450?
304044d
In base 3, what is 1001 + -2122001220020?
-2122001212012
In base 15, what is -ed1 - 2c0d?
-3bde
In base 4, what is 1230 + -1132020300?
-1132013010
In base 12, what is 1054 - -541a?
6472
In base 5, what is -21242413 + 120?
-21242243
In base 16, what is -28fd - 19f?
-2a9c
In base 7, what is -1146401105 - 2?
-1146401110
In base 12, what is -1 + -13765a?
-13765b
In base 8, what is 1620 - 47403?
-45563
In base 7, what is -105 - -4451260?
4451152
In base 7, what is -65124 - 1112?
-66236
In base 14, what is 9 - 7150cd?
-7150c4
In base 2, what is -101100001 + 11001001011010010?
11001000101110001
In base 12, what is 63726956 - -3?
63726959
In base 7, what is -20354331 + -6?
-20354340
In base 10, what is 570348 + -178?
570170
In base 7, what is -1 - 20636536?
-20636540
In base 4, what is -3 + 132301320000?
132301313331
In base 2, what is -100 - -100110100100011?
100110100011111
In base 3, what is 0 + -11022001111020001?
-11022001111020001
In base 9, what is -1508200 + -142?
-1508342
In base 4, what is 323120013320 + 122?
323120020102
In base 7, what is -10 + 543533460?
543533450
In base 6, what is 3242 + -10520?
-3234
In base 9, what is 12 - 452612?
-452600
In base 7, what is -3323 + 1162660?
1156334
In base 13, what is -925 + a6c?
147
In base 6, what is 5 - -1232035242?
1232035251
In base 11, what is -3965370 - -36?
-3965335
In base 16, what is -6cb6aa + -18?
-6cb6c2
In base 10, what is 266 - -82788?
83054
In base 12, what is a - -212031?
21203b
In base 8, what is -2005 - 345553?
-347560
In base 16, what is e - -19549c?
1954aa
In base 11, what is 4315179 + 23?
43151a1
In base 5, what is 24423 + -33004224?
-32424301
In base 7, what is -102152 + 14346?
-54503
In base 7, what is -1346 - -555361?
554012
In base 12, what is -2 - 14205060?
-14205062
In base 4, what is 1 - -12212032103?
12212032110
In base 4, what is -112310101 - 321010?
-113231111
In base 7, what is -105 + 134151?
134043
In base 4, what is 10 + 2212101231201?
2212101231211
In base 7, what is 6602 - -211235?
221140
In base 13, what is -48bb7486 + 3?
-48bb7483
In base 4, what is 2330010122123 + 1?
2330010122130
In base 10, what is 4021 - -345?
4366
In base 12, what is 20 + -52425?
-52405
In base 10, what is 150094 + 2335?
152429
In base 12, what is -226b8b - -4?
-226b87
In base 8, what is -763 + -76?
-1061
In base 12, what is 13 + 21984608?
2198461b
In base 12, what is -4295 + 322ab?
2a016
In base 15, what is 57ae3 - 12?
57ad1
In base 7, what is -10224344 + -4?
-10224351
In base 16, what is 3d103b + d?
3d1048
In base 3, what is 221021 + 1001202?
2000000
In base 9, what is 3 - -212548171?
212548174
In base 3, what is 11 + 12110202112101?
12110202112112
In base 4, what is 23132100222 + 30?
23132100312
In base 11, what is -78 + 2025067?
2024a9a
In base 13, what is 